 = -39 + o. Calculate the remainder when 39 is divided by c.
9
Suppose -j + 47*j - 14168 = 0. Calculate the remainder when j is divided by 19.
4
Suppose 4*m = -3*l + 110, 4*l - 4*m + 3*m - 134 = 0. Calculate the remainder when 61 is divided by l.
27
Suppose -2*r - 54 = -2*d, -68 + 49 = -2*d - 5*r. Calculate the remainder when 746 is divided by d.
20
Let c(k) = k**2 - 29*k - 18. Calculate the remainder when 549 is divided by c(30).
9
Suppose 26*n - 22*n = 12. Suppose -n*g + 16 = -53. Calculate the remainder when 67 is divided by g.
21
Calculate the remainder when 413 is divided by (92/16*1)/(2/16).
45
Let m(y) = 9*y**2 - 21*y - 121. Calculate the remainder when m(-6) is divided by 22.
21
Let f be ((-27)/15)/(1/(-5)). Let b be f/(-3)*-1 + -3. Let t = b - -14. What is the remainder when 25 is divided by t?
11
Let k = 9 + 7. Let a be -3 - -4*(-3)/6. What is the remainder when 556/9 - a/((-180)/(-8)) is divided by k?
14
Let v = -228 - -344. What is the remainder when v is divided by 40?
36
Let o = -27 + 0. Suppose 2*w - 5*c - 71 = -25, c = -3*w + 69. Calculate the remainder when (o/15)/(2/(-50)) is divided by w.
22
Suppose 141 = 20*a - 719. Calculate the remainder when a is divided by 9.
7
Suppose 4*g = 2*n + 50, -9 + 24 = -5*n. Suppose -5*s = -2*h + 36, 3*s = -10*h + 7*h + 54. Calculate the remainder when h is divided by g.
7
Let m(a) = a**2 - 2*a - 22. Let y be m(-6). Suppose -y*d + 33*d - 609 = 0. What is the remainder when d is divided by 44?
43
Suppose -114 = 14*o - 17*o. Let b = -22 + o. Calculate the remainder when 47 is divided by b.
15
Suppose -29 = -4*y + 15. Suppose -y = -3*g + 4. Suppose -3*p + 7*p + 433 = 5*b, -2*p + 421 = g*b. What is the remainder when b is divided by 22?
19
Suppose -4*p = -3*u - 1, -2 = 2*u - 0*p - 3*p. Suppose 0 = -f + 5*i + u, 0 = 3*f - 3*i - 7 - 8. What is the remainder when 7 is divided by f?
2
Suppose -58*n = -34*n - 264. Calculate the remainder when n is divided by (14/6)/(1/3).
4
Suppose -a + 111 = q - 0*q, -3*q + 330 = 2*a. Suppose -2*k = -4*p + q + 18, 4*k + 49 = p. What is the remainder when p is divided by 6?
5
Suppose 5*j = 3 + 12, -5*z = 5*j - 15. Suppose 2*t - 7*t + 375 = z. What is the remainder when t is divided by 26?
23
Suppose -11*l + 4*l = 623. Let s = 126 + l. Calculate the remainder when 71 is divided by s.
34
Let h be (-21)/(-5) - (-6)/180*-6. Suppose h*q + 0*q - 2*a = 26, -3*q = -5*a - 23. What is the remainder when 16 is divided by q?
4
Suppose 2*b - 27 = -5. Calculate the remainder when 29 is divided by (b + -17)/(2/(-6)).
11
Let x(h) = -8*h + 81. Calculate the remainder when 41 is divided by x(6).
8
Suppose i = 2*f - 479, -i = 8 - 7. Calculate the remainder when f is divided by 21.
8
Let y be (-42)/28*(-20)/6. Suppose -b + y*r = 4*b - 40, -1 = -r. Calculate the remainder when b is divided by 6.
3
Suppose h - 1 = 5. What is the remainder when 17 is divided by h?
5
Let k be 3/(6/4) - -24. Suppose 32 + k = 5*i - 2*c, 2*i - 4*c = 20. Suppose 0 = -12*b - 83 + 347. What is the remainder when b is divided by i?
10
Let o(u) = 46*u**2 - 1. Let g be o(-1). Calculate the remainder when 167 is divided by 36/g*(-170)/(-4).
31
Suppose 3*j - 6 = -38*k + 35*k, -4 = -2*j + 3*k. What is the remainder when 14 is divided by j?
0
Let v = -2 - -2. Suppose v = i - 5*i + 4. Calculate the remainder when 46 is divided by (-611)/(-26) + i/2.
22
Suppose -10*r - 1302 = -31*r. Calculate the remainder when r is divided by ((-11)/(-3))/(3/9).
7
Suppose 0 = 28*m + 48 - 56 - 2848. Suppose f - 8 = 27. Calculate the remainder when m is divided by f.
32
Suppose -3*s - 9*s + 132 = 0. Calculate the remainder when 1164 is divided by s.
9
Suppose g - 16 = -3*g, 2*i = 2*g + 4. Calculate the remainder when 6 is divided by i.
0
Calculate the remainder when 106 is divided by ((-6)/(-7))/(((-12)/(-4))/21).
4
Suppose 7*j + 13 = 8*j + 2*f, -f - 97 = -4*j. What is the remainder when 434 is divided by j?
20
Suppose 0 = 4*q + q - 170. What is the remainder when 102 + ((-12)/6 - -1) is divided by q?
33
Let l(d) = -25*d + 1. What is the remainder when l(-2) is divided by (5 - 2)*1 - (-35 + 11)?
24
Let n = 7 + -4. Suppose -n*m = m + 1044. Let s = m - -373. Calculate the remainder when s is divided by 23.
20
Suppose -13*n - 13 = -26. Calculate the remainder when 2 is divided by n.
0
What is the remainder when 124 is divided by ((-12)/(-3))/((-27)/14 + 2)?
12
Let y(n) be the third derivative of -n**4/8 + 5*n**3/6 - 6*n**2. Let s be y(5). Calculate the remainder when 45 is divided by (12/s)/(1/(-10)).
9
Let g = 66 - 119. Calculate the remainder when (1 - 0)*g*2*-1 is divided by 22.
18
Suppose 2*w - 3*f - 18 = 0, -w - w + 34 = f. Calculate the remainder when (-210)/9*(-18)/w is divided by 15.
13
Let d(a) = -a**3 + 19*a**2 - 16*a + 1. Suppose 0 = i + 13*i - 252. Calculate the remainder when 72 is divided by d(i).
35
Suppose -23 = -6*t + 2245. What is the remainder when t is divided by 76?
74
Suppose 0 = 4*m - 2*d - 58, -5*m = -2*d - 11 - 62. What is the remainder when 53 is divided by m?
8
Let r(u) be the third derivative of -u**4/24 + 13*u**3/2 - 13*u**2. Calculate the remainder when r(8) is divided by 17.
14
Let i(z) = 16 - 51 - 3*z + 24. Suppose -3*f + 2*k - 17 = 0, 4*f = 4*k - 8 - 12. Calculate the remainder when i(f) is divided by 3.
1
Suppose 711*c + 128 = 715*c. What is the remainder when 126 is divided by c?
30
Let c be ((-20)/(-40))/(2/(-48)). Let y = c - -24. Calculate the remainder when y is divided by 5.
2
Suppose 17*f + 5766 = 110*f. Calculate the remainder when f is divided by 5.
2
Let d be 8/12 + (-12)/(-9). Let o = 13 + -9. Let t = o + d. What is the remainder when 16 is divided by t?
4
Let t(b) = -b**3 + 6*b**2 + 4*b + 1. Let d = -20 - -38. Suppose d = 4*n + 4*y - 14, -2*y - 68 = -5*n. Calculate the remainder when t(5) is divided by n.
10
What is the remainder when -1 + 576/26 + 4/(-26) is divided by ((-12)/10)/(2/(-20))?
9
Suppose -4*h - 4*i = -40, -h - h - i = -21. Let v(n) = n**2 - n + 21. Suppose -6*a = -4*a. Calculate the remainder when v(a) is divided by h.
10
What is the remainder when (-4176)/(-27) - (-32)/24 is divided by 53?
50
Let x = 1403 - 1398. Let l = 1 - 1. Suppose -5*d = -l*d - 65. Calculate the remainder when d is divided by x.
3
Let u(i) = -i**2 + 11*i - 7. Suppose -4*r + 58 = 18. Suppose 0*p = 2*p - 24. Calculate the remainder when p is divided by u(r).
0
Let s be 28/12 - (-2)/(-6). Suppose r - 2 + 1 = s*g, 0 = -2*r + g + 5. Suppose -140 = -r*f - f. Calculate the remainder when f is divided by 9.
8
Let t be ((-9)/(-6) + -1)*4. Suppose 0*c - t*x + 31 = 3*c, 0 = 2*c - 2*x - 14. Let n = -17 + 32. Calculate the remainder when n is divided by c.
6
Let o = 135 - 132. What is the remainder when 34 is divided by o?
1
Suppose -q - 2*q = -2*v - 7, -5*q - 3*v + 37 = 0. Suppose -6*r + 101 - q = 0. What is the remainder when 47 is divided by r?
15
Let t(g) = -g**3 + 4*g**2. Let b be t(3). Let i = 13 - b. Suppose -z - i*z = -45. Calculate the remainder when 35 is divided by z.
8
Let i be -2*(-1)/((-4)/(-4)). Suppose n + n - 2*y = -20, -4*y + 10 = i*n. Let d(r) = -6*r - 3. Calculate the remainder when d(n) is divided by 5.
2
Suppose 0 = -b - 4*f + f - 7, -4*f = -b + 28. Let l(a) = -a + 23. What is the remainder when 117 is divided by l(b)?
12
Let i(f) = 5*f**2 - f - 5. Let b be i(5). Suppose -5*j = 3*x + 92, 5*j + 1 + b = -4*x. Let k = x - -41. Calculate the remainder when k is divided by 7.
3
Let o(f) = -2*f**2 + 21*f - 4. What is the remainder when 179 is divided by o(7)?
44
Suppose z + z = -42. What is the remainder when 34 is divided by 100/6 - -2 - 7/z?
15
Let i = 29 + 16. Let y(n) = 13*n**2 + 100*n + 99. Calculate the remainder when i is divided by y(-1).
9
Let h = 1 + 6. Let l(f) = 5*f + 21. Calculate the remainder when l(h) is divided by 31.
25
Suppose -46*g + 37 + 377 = 0. What is the remainder when 21 is divided by g?
3
What is the remainder when (9/(-18))/(726/(-724) - -1) is divided by (-9)/36 + (-93)/(-4)?
20
Suppose 5*o - 3*j - 13 = 0, j - 1 = 2*j. Suppose 0*n + 2*n + 7 = 3*c, -o*n = -5*c + 13. What is the remainder when 10 is divided by c?
1
Suppose -4*j - 77 = -5. Let w be (13/(-39))/((-2)/j). Calculate the remainder when 53 is divided by (26/(-3) + 4)*w.
11
Let n be 66/(-8) + (-4)/(-16). Calculate the re